731
List the prime factors of 14200986.
2, 3, 2366831
What are the prime factors of 626534092?
2, 156633523
List the prime factors of 15420339.
3, 11, 109, 1429
List the prime factors of 243095770.
2, 5, 43, 113, 5003
List the prime factors of 228001661.
71, 3211291
What are the prime factors of 180559303?
180559303
List the prime factors of 41378579.
11, 263, 14303
List the prime factors of 11861623.
31, 12343
What are the prime factors of 227012363?
227012363
What are the prime factors of 60718464?
2, 3, 17569
List the prime factors of 2125842007.
47, 1117, 40493
What are the prime factors of 3211786394?
2, 37003, 43399
List the prime factors of 408790805.
5, 81758161
List the prime factors of 110996305.
5, 7, 3171323
What are the prime factors of 1996298086?
2, 998149043
List the prime factors of 524286048.
2, 3, 11, 13, 181, 211
What are the prime factors of 13079453?
1627, 8039
List the prime factors of 3956113480.
2, 5, 11, 8991167
What are the prime factors of 457733944?
2, 73, 783791
What are the prime factors of 51838365?
3, 5, 19, 181889
What are the prime factors of 1705678?
2, 13, 17, 227
What are the prime factors of 6298117471?
12647, 497993
List the prime factors of 1136246655.
3, 5, 75749777
What are the prime factors of 2068490193?
3, 7, 11, 883, 10141
What are the prime factors of 3374030073?
3, 163, 293, 23549
What are the prime factors of 1297921555?
5, 7, 5297639
What are the prime factors of 245242335?
3, 5, 13, 1257653
List the prime factors of 103613462.
2, 29, 1786439
List the prime factors of 10325467.
431, 23957
What are the prime factors of 1951755614?
2, 975877807
List the prime factors of 110651610.
2, 3, 5, 1291, 2857
What are the prime factors of 55322421?
3, 7, 11, 34213
List the prime factors of 27837594.
2, 3, 61, 313
List the prime factors of 187200578.
2, 19, 4926331
What are the prime factors of 40723233?
3, 13574411
List the prime factors of 50095753.
17, 2946809
List the prime factors of 214897943.
13, 16530611
List the prime factors of 91201917.
3, 41, 741479
List the prime factors of 634195135.
5, 7, 1801, 10061
List the prime factors of 1823102240.
2, 5, 11394389
List the prime factors of 65583769.
65583769
What are the prime factors of 199197211?
17, 11717483
List the prime factors of 488095089.
3, 162698363
What are the prime factors of 6683421?
3, 19, 37, 3169
List the prime factors of 103795977.
3, 227, 152417
What are the prime factors of 15060767?
277, 54371
What are the prime factors of 588378365?
5, 191, 616103
List the prime factors of 65446783.
41, 127, 12569
List the prime factors of 1787815311.
3, 595938437
What are the prime factors of 413823663?
3, 11, 659, 6343
List the prime factors of 3073688765.
5, 7, 87819679
List the prime factors of 54808784.
2, 53, 64633
What are the prime factors of 45414692?
2, 127, 89399
List the prime factors of 913411603.
13, 67, 379, 2767
What are the prime factors of 379043159?
11, 1597, 21577
List the prime factors of 778268.
2, 103, 1889
What are the prime factors of 1134070183?
1709, 663587
List the prime factors of 1054013092.
2, 11, 139, 15667
What are the prime factors of 182952870?
2, 3, 5, 6098429
List the prime factors of 9244319.
7, 1320617
List the prime factors of 82100362.
2, 2179, 18839
What are the prime factors of 165686995?
5, 647, 51217
What are the prime factors of 2232698636?
2, 7, 79739237
What are the prime factors of 374423615?
5, 74884723
List the prime factors of 2769859820.
2, 5, 7, 13, 1521901
What are the prime factors of 2769431567?
7, 395633081
What are the prime factors of 761105025?
3, 5, 31, 36373
List the prime factors of 42290130.
2, 3, 5, 47, 89, 337
List the prime factors of 16175667.
3, 5391889
List the prime factors of 2388434632.
2, 23, 12980623
List the prime factors of 336150811.
2801, 120011
List the prime factors of 2674431092.
2, 17, 53, 742073
List the prime factors of 5327482.
2, 37, 71993
What are the prime factors of 427908060?
2, 3, 5, 2377267
List the prime factors of 47571505.
5, 101, 94201
What are the prime factors of 30062556?
2, 3, 173, 1609
What are the prime factors of 448361235?
3, 5, 7, 1423369
What are the prime factors of 879176754?
2, 3, 5427017
What are the prime factors of 789256116?
2, 3, 11, 664357
List the prime factors of 40422842.
2, 19, 67, 15877
List the prime factors of 570680149.
13, 181, 242533
What are the prime factors of 106320545?
5, 31, 685939
List the prime factors of 98260043.
7, 103, 19469
What are the prime factors of 198885482?
2, 17, 47, 124459
What are the prime factors of 280800240?
2, 3, 5, 7, 19, 463
What are the prime factors of 83466966?
2, 3, 11, 1264651
List the prime factors of 54168806.
2, 27084403
List the prime factors of 3168831.
3, 59, 17903
What are the prime factors of 2148596602?
2, 29, 67, 307, 1801
What are the prime factors of 2803622152?
2, 79, 4436111
What are the prime factors of 2969260602?
2, 3, 7, 11, 6426971
What are the prime factors of 35501580?
2, 3, 5, 127, 1553
List the prime factors of 300576276.
2, 3, 7, 11, 13, 19, 439
What are the prime factors of 3527927380?
2, 5, 17, 10376257
What are the prime factors of 24297863?
37, 151, 4349
What are the prime factors of 716423482?
2, 29, 199, 62071
List the prime factors of 1780540802.
2, 181, 211, 23311
List the prime factors of 44287837.
11, 103, 39089
List the prime factors of 216551820.
2, 3, 5, 1481, 2437
What are the prime factors of 49711608?
2, 3, 690439
What are the prime factors of 13676294?
2, 631, 10837
What are the prime factors of 43443545?
5, 43, 202063
List the prime factors of 126734229.
3, 14081581
What are the prime factors of 96847629?
3, 67, 137, 3517
List the prime factors of 1331182178.
2, 17, 23, 41, 41519
List the prime factors of 4435591856.
2, 17, 463, 35221
List the prime factors of 2312448265.
5, 462489653
What are the prime factors of 201194584?
2, 25149323
What are the prime factors of 1404897686?
2, 1061, 662063
What are the prime factors of 7746117?
3, 47, 137, 401
List the prime factors of 120073265.
5, 13, 1847281
List the prime factors of 79810237.
13, 6139249
List the prime factors of 864608718.
2, 3, 19, 399173
List the prime factors of 2004177486.
2, 3, 334029581
List the prime factors of 2846208260.
2, 5, 7, 20330059
List the prime factors of 57348594.
2, 3, 37, 28703
List the prime factors of 301219230.
2, 3, 5, 13, 29, 26633
What are the prime factors of 596455353?
3, 13, 17, 19, 5261
What are the prime factors of 44552438?
2, 7, 3182317
List the prime factors of 4996361417.
33629, 148573
List the prime factors of 566796498.
2, 3, 23, 31, 132491
What are the prime factors of 45766734?
2, 3, 13, 23, 97, 263
What are the prime factors of 23379477?
3, 11, 23, 30803
List the prime factors of 308720564.
2, 43, 1237, 1451
List the prime factors of 121099793.
1487, 81439
What are the prime factors of 131992096?
2, 4124753
What are the prime factors of 95486232?
2, 3, 3978593
What are the prime factors of 87224776?
2, 10903097
List the prime factors of 127272419.
461, 276079
What are the prime factors of 59010965?
5, 13, 109, 8329
List the prime factors of 103169064.
2, 3, 691, 6221
What are the prime factors of 24013901?
2741, 8761
List the prime factors of 45730810.
2, 5, 4573081
What are the prime factors of 6416294156?
2, 17, 109, 503, 1721
List the prime factors of 50761673.
19, 2671667
What are the prime factors of 2180540221?
61, 509, 70229
What are the prime factors of 96961375?
5, 7, 110813
What are the prime factors of 1251439442?
2, 11, 59, 173, 5573
What are the prime factors of 59716764?
2, 3, 20479
What are the prime factors of 74570694?
2, 3, 11, 1129859
What are the prime factors of 678408675?
3, 5, 7, 367, 503
What are the prime factors of 240817477?
41, 223, 26339
List the prime factors of 5336880.
2, 3, 5, 37, 601
What are the prime factors of 2234064?
2, 3, 7, 61, 109
What are the prime factors of 659546665?
5, 101, 1306033
What are the prime factors of 109386969?
3, 43, 61, 13901
What are the prime factors of 43796609?
43796609
List the prime factors of 24916357.
211, 263, 449
What are the prime factors of 53983110?
2, 3, 5, 313, 5749
List the prime factors of 295212783.
3, 31, 1399, 2269
List the prime factors of 945273538.
2, 11, 35509